1
-10111 (base 2) to base 4
-113
What is 16 (base 15) in base 13?
18
What is 32 (base 6) in base 10?
20
-3 (base 13) to base 6
-3
Convert 0 (base 16) to base 12.
0
What is 10313 (base 4) in base 13?
1ac
What is -100111010 (base 2) in base 9?
-378
Convert -1a (base 13) to base 4.
-113
Convert 32 (base 11) to base 10.
35
What is -1110 (base 2) in base 3?
-112
Convert -9 (base 12) to base 6.
-13
What is 2 (base 5) in base 3?
2
Convert c (base 16) to base 3.
110
Convert 1212 (base 3) to base 7.
101
What is -1 (base 14) in base 15?
-1
What is 1 (base 12) in base 7?
1
What is 36 (base 14) in base 2?
110000
-1 (base 15) to base 9
-1
Convert -40 (base 14) to base 4.
-320
What is -251 (base 9) in base 13?
-130
-2 (base 14) to base 4
-2
What is 245 (base 7) in base 13?
a1
Convert 10 (base 7) to base 4.
13
Convert -9 (base 16) to base 9.
-10
Convert 27 (base 11) to base 10.
29
Convert 60 (base 15) to base 9.
110
What is 14 (base 14) in base 2?
10010
Convert -23 (base 16) to base 11.
-32
What is -16 (base 16) in base 9?
-24
17 (base 9) to base 16
10
140 (base 5) to base 8
55
-8 (base 12) to base 13
-8
What is 11 (base 2) in base 6?
3
Convert 1 (base 6) to base 10.
1
What is 3 (base 6) in base 13?
3
-10 (base 6) to base 8
-6
What is 5e (base 15) in base 4?
1121
Convert 324 (base 7) to base 5.
1130
10 (base 8) to base 12
8
89 (base 15) to base 11
108
Convert -100 (base 4) to base 5.
-31
Convert 6 (base 8) to base 15.
6
Convert -55 (base 10) to base 13.
-43
What is -157 (base 10) in base 3?
-12211
What is -25 (base 11) in base 5?
-102
Convert -15 (base 13) to base 16.
-12
105 (base 6) to base 12
35
What is 107 (base 11) in base 3?
11202
0 (base 3) to base 15
0
Convert 0 (base 3) to base 15.
0
-2 (base 13) to base 16
-2
Convert -203 (base 4) to base 15.
-25
Convert -24 (base 12) to base 13.
-22
-36 (base 15) to base 12
-43
Convert -23 (base 10) to base 5.
-43
Convert -6 (base 9) to base 10.
-6
What is 33 (base 7) in base 11?
22
Convert 8 (base 14) to base 15.
8
Convert -10031 (base 4) to base 5.
-2034
What is -2d (base 14) in base 5?
-131
What is 101 (base 5) in base 9?
28
-120 (base 8) to base 10
-80
Convert -1 (base 8) to base 2.
-1
-142 (base 5) to base 12
-3b
22 (base 9) to base 4
110
What is -107 (base 8) in base 12?
-5b
Convert -1 (base 13) to base 11.
-1
Convert -10 (base 2) to base 9.
-2
-3 (base 8) to base 3
-10
10a (base 14) to base 6
542
-1111 (base 2) to base 7
-21
What is 1 (base 11) in base 6?
1
-5 (base 11) to base 8
-5
What is 10131 (base 4) in base 3?
101120
13 (base 5) to base 8
10
Convert c (base 13) to base 4.
30
Convert 4 (base 13) to base 9.
4
What is -2 (base 11) in base 14?
-2
-1 (base 15) to base 8
-1
13 (base 9) to base 16
c
-1131 (base 4) to base 10
-93
-18 (base 12) to base 16
-14
215 (base 11) to base 5
2013
What is -1 (base 11) in base 8?
-1
What is -54 (base 12) in base 14?
-48
1000101 (base 2) to base 16
45
-1d (base 16) to base 2
-11101
Convert -2 (base 13) to base 8.
-2
Convert 40 (base 11) to base 7.
62
What is -155 (base 12) in base 15?
-de
-31 (base 16) to base 6
-121
Convert 137 (base 9) to base 4.
1303
Convert 1010 (base 2) to base 15.
a
Convert 1 (base 15) to base 9.
1
Convert 6 (base 9) to base 12.
6
Convert 2 (base 4) to base 3.
2
Convert 3 (base 16) to base 11.
3
Convert -1d (base 16) to base 15.
-1e
What is 23 (base 8) in base 13?
16
7 (base 15) to base 2
111
Convert 0 (base 3) to base 11.
0
-147 (base 10) to base 16
-93
Convert 11010000 (base 2) to base 15.
dd
What is 100 (base 2) in base 5?
4
-112 (base 3) to base 15
-e
-1 (base 3) to base 14
-1
Convert -2 (base 15) to base 14.
-2
-213 (base 6) to base 4
-1101
3 (base 6) to base 16
3
Convert -a4 (base 13) to base 12.
-b2
5 (base 7) to base 12
5
What is 22 (base 15) in base 14?
24
1001 (base 2) to base 5
14
Convert 20 (base 4) to base 8.
10
Convert 6 (base 16) to base 9.
6
-66 (base 16) to base 4
-1212
Convert -1000 (base 2) to base 15.
-8
-10021 (base 4) to base 10
-265
What is -30 (base 6) in base 12?
-16
0 (base 13) to base 11
0
-18 (base 12) to base 2
-10100
Convert -10 (base 7) to base 13.
-7
Convert 1332 (base 4) to base 14.
90
-5e (base 16) to base 3
-10111
Convert 7 (base 9) to base 6.
11
Convert -2320 (base 4) to base 11.
-158
Convert -1 (base 9) to base 15.
-1
What is 9 (base 15) in base 16?
9
-107 (base 15) to base 8
-350
Convert 5 (base 14) to base 16.
5
85 (base 10) to base 2
1010101
Convert 5 (base 16) to base 10.
5
15 (base 14) to base 2
10011
3 (base 15) to base 11
3
What is -212 (base 9) in base 5?
-1143
-11 (base 9) to base 5
-20
What is 56 (base 12) in base 14?
4a
100000 (base 2) to base 3
1012
Convert -10 (base 2) to base 11.
-2
What is 6 (base 9) in base 6?
10
Convert 63 (base 13) to base 9.
100
-310 (base 6) to base 12
-96
Convert 10 (base 15) to base 7.
21
1 (base 6) to base 4
1
What is -23 (base 6) in base 14?
-11
-624 (base 8) to base 10
-404
Convert -c (base 14) to base 13.
-c
Convert -b9 (base 13) to base 15.
-a2
What is -102 (base 7) in base 9?
-56
What is b9 (base 13) in base 3?
12122
What is 1 (base 15) in base 4?
1
-8e (base 15) to base 7
-251
Convert 1 (base 8) to base 15.
1
Convert 1 (base 6) to base 7.
1
What is 90 (base 13) in base 10?
117
Convert -134 (base 9) to base 7.
-220
Convert 33 (base 7) to base 5.
44
What is -14 (base 14) in base 12?
-16
What is -10 (base 6) in base 16?
-6
What is 2 (base 8) in base 15?
2
What is 13 (base 4) in base 2?
111
Convert 110 (base 2) to base 8.
6
What is 2301 (base 4) in base 12?
129
Convert -24 (base 15) to base 11.
-31
-134 (base 10) to base 11
-112
-4 (base 5) to base 12
-4
What is -1 (base 15) in base 3?
-1
10011 (base 2) to base 3
201
Convert -1 (base 10) to base 14.
-1
What is 3 (base 5) in base 9?
3
Convert -49 (base 14) to base 10.
-65
Convert 57 (base 12) to base 9.
74
Convert -12 (base 4) to base 11.
-6
-24 (base 5) to base 3
-112
Convert 11 (base 8) to base 11.
9
What is 2 (base 3) in base 4?
2
100 (base 2) to base 12
4
What is 2a (base 15) in base 16?
28
-321 (base 5) to base 6
-222
270 (base 9) to base 5
1400
Convert -1 (base 11) to base 14.
-1
Convert 11 (base 2) to base 11.
3
-98 (base 15) to base 4
-2033
432 (base 6) to base 14
ba
Convert 411 (base 5) to base 10.
106
-4 (base 8) to base 11
-4
Convert 6b (base 12) to base 6.
215
Convert 55 (base 12) to base 15.
45
What is -1 (base 13) in base 12?
-1
4 (base 11) to base 8
4
Convert 3 (base 8) to base 2.
11
What is 21 (base 7) in base 13?
12
What is -4a (base 12) in base 9?
-64
Convert -17 (base 9) to base 2.
-10000
What is -b3 (base 14) in base 6?
-421
20 (base 5) to base 3
101
Convert 10110 (base 2) to base 15.
17
5 (base 16) to base 11
5
Convert -6c (base 13) to base 11.
-82
What is 16 (base 14) in base 10?
20
Convert -20 (base 10) to base 8.
-24
Convert -8 (base 16) to base 2.
-1000
Convert -54 (base 16) to base 3.
-10010
-34 (base 8) to base 15
-1d
What is -104 (base 8) in base 12?
-58
What is 41 (base 7) in base 4?
131
-66 (base 11) to base 15
-4c
-1 (base 15) to base 4
-1
What is 114 (base 7) in base 12?
50
What is 2 (base 6) in base 13?
2
Convert 11 (base 4) to base 12.
5
Convert 0 (base 4) to base 7.
0
11 (base 2) to base 3
10
Convert -3 (base 13) to base 7.
-3
What is -11 (base 8) in base 10?
-9
Convert -165 (base 8) to base 6.
-313
-30 (base 10) to base 12
-26
What is 160 (base 7) in base 8?
133
What is 1 (base 4) in base 2?
1
10 (base 6) to base 12
6
What is -177 (base 9) in base 4?
-2113
-5 (base 12) to base 16
-5
21220 (base 3) to base 4
3111
Convert 0 (base 12) to base 15.
0
1 (base 16) to base 7
1
Convert 1212 (base 4) to base 6.
250
1010 (base 4) to base 3
2112
2c (base 15) to base 2
101010
Convert -26 (base 7) to base 14.
-16
What is 2 (base 13) in base 15?
2
What is 0 (base 10) in base 6?
0
Convert -12 (base 8) to base 10.
-10
Convert -121 (base 13) to base 16.
-c4
What is -182 (base 10) in base 2?
-10110110
Convert 9 (base 15) to base 3.
100
What is 3 (base 11) in base 14?
3
Convert -22 (base 5) to base 11.
-11
-111 (base 3) to base 2
-1101
What is 2 (base 15) in base 3?
2
What is -13 (base 5) in base 16?
-8
Convert -12 (base 10) to base 2.
-1100
-11 (base 3) to base 7
-4
What is -18 (base 14) in base 9?
-24
Convert 10 (base 2) to base 16.
2
-1034 (base 5) to base 16
-90
What is 11 (base 5) in base 2?
110
C